of 20150171.
1381, 14591
What are the prime factors of 776605?
5, 127, 1223
What are the prime factors of 126110?
2, 5, 12611
What are the prime factors of 455487?
3, 19, 61, 131
What are the prime factors of 6108656?
2, 381791
What are the prime factors of 29475200?
2, 5, 61, 151
List the prime factors of 1673113.
13, 179, 719
What are the prime factors of 25061510?
2, 5, 29, 89, 971
List the prime factors of 497731.
13, 38287
What are the prime factors of 334750?
2, 5, 13, 103
What are the prime factors of 1061801?
13, 81677
List the prime factors of 11725034.
2, 5862517
What are the prime factors of 6635748?
2, 3, 7, 197, 401
What are the prime factors of 9650512?
2, 59, 10223
What are the prime factors of 80358?
2, 3, 59, 227
What are the prime factors of 5494684?
2, 13, 105667
List the prime factors of 401883.
3, 109, 1229
What are the prime factors of 3341125?
5, 26729
What are the prime factors of 4091246?
2, 983, 2081
What are the prime factors of 442236?
2, 3, 137, 269
List the prime factors of 13406607.
3, 683, 727
List the prime factors of 597049.
597049
List the prime factors of 9131772.
2, 3, 13, 58537
List the prime factors of 1055620.
2, 5, 47, 1123
List the prime factors of 1364258.
2, 7, 13921
What are the prime factors of 146600?
2, 5, 733
What are the prime factors of 6713535?
3, 5, 447569
What are the prime factors of 3394497?
3, 157, 7207
List the prime factors of 6438039.
3, 1319, 1627
List the prime factors of 810062.
2, 11, 36821
List the prime factors of 2716364.
2, 7, 13859
List the prime factors of 558206.
2, 11, 25373
List the prime factors of 4420963.
29, 157, 971
What are the prime factors of 291814?
2, 59, 2473
What are the prime factors of 9009913?
11, 819083
List the prime factors of 228350.
2, 5, 4567
What are the prime factors of 4608774?
2, 3, 53, 4831
List the prime factors of 3493732.
2, 11, 271, 293
List the prime factors of 18059834.
2, 13, 694609
List the prime factors of 8116709.
103, 78803
What are the prime factors of 65798?
2, 167, 197
List the prime factors of 1178252.
2, 294563
List the prime factors of 3361972.
2, 353, 2381
List the prime factors of 408011.
408011
What are the prime factors of 10299498?
2, 3, 11, 113, 1381
List the prime factors of 4983542.
2, 101, 24671
What are the prime factors of 116391?
3, 11, 3527
What are the prime factors of 170741?
170741
What are the prime factors of 136148?
2, 101, 337
List the prime factors of 190989.
3, 21221
What are the prime factors of 224566?
2, 47, 2389
What are the prime factors of 466651?
466651
What are the prime factors of 335719?
335719
What are the prime factors of 269725?
5, 10789
What are the prime factors of 7734323?
1759, 4397
List the prime factors of 2603889.
3, 349, 829
List the prime factors of 38579.
173, 223
List the prime factors of 335377.
7, 47911
What are the prime factors of 9281570?
2, 5, 928157
What are the prime factors of 275555?
5, 7, 7873
List the prime factors of 214880.
2, 5, 17, 79
What are the prime factors of 283936?
2, 19, 467
What are the prime factors of 270347?
7, 11, 3511
What are the prime factors of 906929?
906929
What are the prime factors of 1919485?
5, 71, 5407
List the prime factors of 1806558.
2, 3, 13, 19, 23, 53
List the prime factors of 113337.
3, 7, 257
List the prime factors of 28883324.
2, 2437, 2963
List the prime factors of 1834184.
2, 11, 19, 1097
List the prime factors of 6512419.
6512419
List the prime factors of 2124953.
2124953
List the prime factors of 746059.
433, 1723
What are the prime factors of 2272209?
3, 757403
What are the prime factors of 1107855?
3, 5, 7, 3517
List the prime factors of 225152.
2, 1759
What are the prime factors of 261855?
3, 5, 11, 23
List the prime factors of 778940.
2, 5, 17, 29, 79
What are the prime factors of 353894?
2, 19, 67, 139
List the prime factors of 287121.
3, 95707
What are the prime factors of 244438?
2, 122219
What are the prime factors of 4498288?
2, 19, 14797
List the prime factors of 448419.
3, 19, 7867
What are the prime factors of 209365?
5, 13, 3221
List the prime factors of 181458.
2, 3, 17, 593
What are the prime factors of 25843351?
25843351
What are the prime factors of 1372568?
2, 171571
List the prime factors of 614078.
2, 479, 641
List the prime factors of 2256973.
2256973
What are the prime factors of 3874087?
7, 79063
What are the prime factors of 577318?
2, 7, 43, 137
What are the prime factors of 24750?
2, 3, 5, 11
List the prime factors of 2088935.
5, 31, 13477
List the prime factors of 897420.
2, 3, 5, 14957
What are the prime factors of 75775?
5, 7, 433
What are the prime factors of 2477357?
2477357
List the prime factors of 462160.
2, 5, 53, 109
List the prime factors of 26853731.
4903, 5477
List the prime factors of 2357858.
2, 113, 10433
List the prime factors of 19734429.
3, 11, 13, 157, 293
What are the prime factors of 14868975?
3, 5, 11, 67, 269
What are the prime factors of 7476370?
2, 5, 11, 67967
List the prime factors of 779147.
503, 1549
List the prime factors of 270617.
19, 14243
What are the prime factors of 3043508?
2, 13, 107, 547
What are the prime factors of 28232722?
2, 7, 288089
What are the prime factors of 8555663?
179, 47797
What are the prime factors of 1247595?
3, 5, 31, 2683
What are the prime factors of 3953043?
3, 37, 1319
List the prime factors of 146544.
2, 3, 43, 71
List the prime factors of 249895.
5, 23, 41, 53
What are the prime factors of 407604?
2, 3, 33967
List the prime factors of 44681990.
2, 5, 4468199
List the prime factors of 358162.
2, 7, 25583
What are the prime factors of 311479?
7, 44497
List the prime factors of 26212291.
7, 3744613
List the prime factors of 456653.
456653
What are the prime factors of 23326688?
2, 7, 11, 9467
List the prime factors of 6901891.
6901891
List the prime factors of 30984436.
2, 7, 53, 20879
List the prime factors of 477504.
2, 3, 829
What are the prime factors of 112620?
2, 3, 5, 1877
List the prime factors of 197372.
2, 7, 19, 53
What are the prime factors of 339990?
2, 3, 5, 7, 1619
List the prime factors of 3227826.
2, 3, 7, 10979
What are the prime factors of 4983807?
3, 109, 15241
List the prime factors of 318392.
2, 39799
What are the prime factors of 1033804?
2, 17, 23, 661
What are the prime factors of 33320157?
3, 13, 854363
What are the prime factors of 1716607?
67, 25621
List the prime factors of 313665.
3, 5, 11, 1901
What are the prime factors of 965680?
2, 5, 12071
List the prime factors of 1865240.
2, 5, 13, 17, 211
What are the prime factors of 18076636?
2, 467, 9677
What are the prime factors of 2212754?
2, 17, 151, 431
What are the prime factors of 2277704?
2, 11, 13, 181
What are the prime factors of 4525234?
2, 7, 43, 7517
List the prime factors of 85179.
3, 28393
What are the prime factors of 5177278?
2, 97, 26687
List the prime factors of 1075008.
2, 3, 11, 509
List the prime factors of 17036772.
2, 3, 43, 137, 241
What are the prime factors of 5203613?
797, 6529
What are the prime factors of 324969?
3, 149, 727
List the prime factors of 68940.
2, 3, 5, 383
List the prime factors of 3457934.
2, 1728967
What are the prime factors of 375299?
59, 6361
What are the prime factors of 124579?
7, 13, 37
List the prime factors of 18492706.
2, 9246353
List the prime factors of 31791142.
2, 19, 836609
What are the prime factors of 1253313?
3, 15473
List the prime factors of 540956.
2, 13, 101, 103
List the prime factors of 7938634.
2, 11, 23, 29, 541
What are the prime factors of 454693?
37, 12289
What are the prime factors of 6368650?
2, 5, 127373
List the prime factors of 7718.
2, 17, 227
List the prime factors of 976376.
2, 31, 127
List the prime factors of 696526.
2, 53, 6571
List the prime factors of 435371.
435371
What are the prime factors of 16885299?
3, 109, 51637
What are the prime factors of 134152?
2, 41, 409
What are the prime factors of 1030202?
2, 467, 1103
What are the prime factors of 2096896?
2, 8191
What are the prime factors of 14182087?
3319, 4273
What are the prime factors of 324553?
23, 103, 137
List the prime factors of 24525697.
7, 53, 66107
List the prime factors of 223096.
2, 79, 353
List the prime factors of 258940.
2, 5, 11, 107
What are the prime factors of 1757926?
2, 43, 20441
What are the prime factors 